?
2
What is the tens digit of 6334?
3
What is the thousands digit of 19268?
9
What is the units digit of 1403?
3
What is the hundreds digit of 28611?
6
What is the ten thousands digit of 61004?
6
What is the units digit of 29209?
9
What is the units digit of 945?
5
What is the tens digit of 1119?
1
What is the thousands digit of 2987?
2
What is the hundreds digit of 80647?
6
What is the units digit of 54748?
8
What is the thousands digit of 9802?
9
What is the thousands digit of 105136?
5
What is the units digit of 602?
2
What is the hundreds digit of 1213?
2
What is the tens digit of 2303?
0
What is the hundreds digit of 8007?
0
What is the tens digit of 3800?
0
What is the thousands digit of 6940?
6
What is the ten thousands digit of 29844?
2
What is the units digit of 38885?
5
What is the tens digit of 2918?
1
What is the tens digit of 1010?
1
What is the tens digit of 44064?
6
What is the thousands digit of 1445?
1
What is the hundreds digit of 356?
3
What is the units digit of 124230?
0
What is the hundreds digit of 3599?
5
What is the ten thousands digit of 10792?
1
What is the thousands digit of 11913?
1
What is the thousands digit of 1687?
1
What is the units digit of 23723?
3
What is the units digit of 4472?
2
What is the units digit of 227?
7
What is the thousands digit of 5487?
5
What is the ten thousands digit of 79368?
7
What is the units digit of 474?
4
What is the ten thousands digit of 49959?
4
What is the units digit of 822?
2
What is the hundreds digit of 18292?
2
What is the thousands digit of 1372?
1
What is the thousands digit of 68323?
8
What is the hundreds digit of 94126?
1
What is the tens digit of 580?
8
What is the units digit of 4338?
8
What is the hundreds digit of 3896?
8
What is the hundreds digit of 2451?
4
What is the tens digit of 95995?
9
What is the hundreds digit of 1655?
6
What is the ten thousands digit of 13866?
1
What is the hundreds digit of 22224?
2
What is the tens digit of 4790?
9
What is the units digit of 101002?
2
What is the hundreds digit of 772?
7
What is the hundreds digit of 2142?
1
What is the tens digit of 2598?
9
What is the units digit of 6439?
9
What is the units digit of 1239?
9
What is the tens digit of 649?
4
What is the units digit of 3160?
0
What is the thousands digit of 4963?
4
What is the thousands digit of 56969?
6
What is the hundreds digit of 1263?
2
What is the units digit of 2967?
7
What is the tens digit of 71804?
0
What is the tens digit of 19534?
3
What is the thousands digit of 2658?
2
What is the hundreds digit of 4311?
3
What is the tens digit of 1715?
1
What is the units digit of 21390?
0
What is the units digit of 2009?
9
What is the tens digit of 54188?
8
What is the ten thousands digit of 11170?
1
What is the thousands digit of 2746?
2
What is the thousands digit of 3687?
3
What is the hundreds digit of 2671?
6
What is the hundreds digit of 3844?
8
What is the ten thousands digit of 12973?
1
What is the units digit of 19413?
3
What is the thousands digit of 12301?
2
What is the hundreds digit of 9800?
8
What is the tens digit of 17894?
9
What is the thousands digit of 2664?
2
What is the units digit of 378?
8
What is the tens digit of 28551?
5
What is the units digit of 40?
0
What is the ten thousands digit of 47096?
4
What is the units digit of 802?
2
What is the units digit of 2280?
0
What is the units digit of 1238?
8
What is the hundreds digit of 2448?
4
What is the hundreds digit of 632?
6
What is the hundreds digit of 1353?
3
What is the hundreds digit of 3270?
2
What is the ten thousands digit of 11418?
1
What is the ten thousands digit of 64452?
6
What is the tens digit of 47155?
5
What is the tens digit of 1029?
2
What is the ten thousands digit of 15345?
1
What is the units digit of 65?
5
What is the units digit of 69177?
7
What is the hundreds digit of 21163?
1
What is the hundreds digit of 21613?
6
What is the ten thousands digit of 18036?
1
What is the thousands digit of 139369?
9
What is the tens digit of 216?
1
What is the units digit of 72428?
8
What is the hundreds digit of 6334?
3
What is the tens digit of 23661?
6
What is the hundreds digit of 488?
4
What is the units digit of 1237?
7
What is the hundreds digit of 3565?
5
What is the tens digit of 396?
9
What is the thousands digit of 3269?
3
What is the units digit of 11071?
1
What is the hundreds digit of 3177?
1
What is the hundreds digit of 45994?
9
What is the hundreds digit of 15779?
7
What is the units digit of 8211?
1
What is the tens digit of 300?
0
What is the hundreds digit of 10887?
8
What is the units digit of 1175?
5
What is the hundreds digit of 155822?
8
What is the thousands digit of 1235?
1
What is the hundreds digit of 5284?
2
What is the thousands digit of 44613?
4
What is the units digit of 18834?
4
What is the hundreds digit of 1255?
2
What is the units digit of 904?
4
What is the hundreds digit of 44163?
1
What is the units digit of 130789?
9
What is the units digit of 40283?
3
What is the units digit of 1261?
1
What is the thousands digit of 2784?
2
What is the units digit of 1196?
6
What is the units digit of 1572?
2
What is the tens digit of 74161?
6
What is the ten thousands digit of 61970?
6
What is the units digit of 3813?
3
What is the hundreds digit of 7709?
7
What is the units digit of 2683?
3
What is the thousands digit of 1250?
1
What is the tens digit of 10458?
5
What is the units digit of 22359?
9
What is the ten thousands digit of 47002?
4
What is the hundreds digit of 3852?
8
What is the hundreds digit of 96305?
3
What is the tens digit of 288?
8
What is the thousands digit of 1027?
1
What is the hundreds digit of 3688?
6
What is the hundreds digit of 70185?
1
What is the hundreds digit of 8415?
4
What is the tens digit of 921?
2
What is the hundreds digit of 7776?
7
What is the tens digit of 1909?
0
What is the thousands digit of 3971?
3
What is the tens digit of 43217?
1
What is the tens digit of 9749?
4
What is the units digit of 52308?
8
What is the thousands digit of 3712?
3
What is the hundreds digit of 2712?
7
What is the hundreds digit of 8620?
6
What is the hundreds digit of 924?
9
What is the tens digit of 1942?
4
What is the ten thousands digit of 60480?
6
What is the units digit of 3?
3
What is the hundreds digit of 2211?
2
What is the units digit of 122171?
1
What is the ten thousands digit of 84247?
8
What is the thousands digit of 8969?
8
What is the tens digit of 1117?
1
What is the tens digit of 3398?
9
What is the hundred thousands digit of 106321?
1
What is the hundreds digit of 7167?
1
What is the tens digit of 9738?
3
What is the hundreds digit of 305?
3
What is the thousands digit of 1987?
1
What is the units digit of 304?
4
What is the hundreds digit of 707?
7
What is the tens digit of 9340?
4
What is the hundreds digit of 1291?
2
What is the hundreds digit of 838?
8
What is the hundreds digit of 144646?
6
What is the hundred thousands digit of 127551?
1
What is the units digit of 1150?
0
What is the thousands digit of 1291?
1
What is the thousands digit of 6559?
6
What is the units digit of 537?
7
What is the thousands digit of 14637?
4
What is the hundreds digit of 80559?
5
What is the tens digit of 66883?
8
What is the hundreds digit of 41051?
0
What is the ten thousands digit of 16165?
1
What is the tens digit of 94?
9
What is the thousands digit of 5644?
5
What is the tens digit of 612?
1
What is the hundreds digit of 1808?
8
What is the hundreds digit of 37834?
8
What is the units digit of 8356?
6
What is the ten thousands digit of 97129?
9
What is the units digit of 1213?
3
What is the hundreds digit of 750?
7
What is the hundreds digit of 19501?
5
What is the thousands digit of 1955?
1
What is the ten thousands digit of 42759?
4
What is the tens digit of 279?
7
What is the tens digit of 3938?
3
What is the hundreds digit of 1235?
2
What is the units digit of 18?
8
What is the hundreds digit of 12872?
8
What is the tens digit of 3912?
1
What is the ten thousands digit of 24039?
2
What is the thousands digit of 2674?
2
What is the tens digit of 35423?
2
What is the thousands digit of 87496?
7
What is the hundreds digit of 482?
4
What is the thousands digit of 2306?
2
What is the hundreds digit of 5315?
3
What is the tens dig